c**2 - 5*c + 2. Let q be (-4 + 5)/(4/(-8)). Let z be (q/6)/((-2)/(-186)). Let d = z - -25. Calculate h(d).
-4
Let f(w) = -w**2 + 11*w + 12. Suppose 2*y = 5*t + 23, 14*t - 17*t - 12 = -y. Determine f(y).
30
Let v(h) = 20*h - 3 + h**2 - 1 - 50*h + 29*h + 5. Determine v(2).
3
Let y(m) be the third derivative of m**5/60 - 3*m**4/8 - 5*m**3/2 + 124*m**2. Determine y(11).
7
Let p be -1*(12 - -2)/(-2). Let x(d) = -9*d + 16. Let n(j) = 22*j + 4*j - 43 - 4. Let o(q) = -6*n(q) - 17*x(q). Give o(p).
-11
Let r(u) = 8*u + 3. Let n(y) = -2*y**3 - 3*y**2 - y - 1. Let d be n(-3). Suppose 5*h - 26 = d. Let f(o) = -3*o - 1. Let a(v) = h*f(v) + 4*r(v). Determine a(5).
-4
Let a(l) = -2*l**3 - 23*l**2 - 2*l + 11. Let h(f) = -f**3 - 11*f**2 - 2*f + 6. Let b(o) = 2*a(o) - 5*h(o). Calculate b(-8).
8
Let q(b) = -3*b - 10. Let z = 156 + -161. Give q(z).
5
Let y(a) = -a**2 + 6*a + 1. Let d(k) = 13*k + 6 - 3 - 2 - 3*k**2 + k**2. Let b(w) = -2*d(w) + 5*y(w). Calculate b(4).
3
Suppose -2*l = -211 + 199. Let c(y) be the first derivative of 5*y + l - 1/2*y**2. Give c(0).
5
Let s(h) = 10*h**3 - h + 1. Let q(y) = y**3 + y**2 - y + 2. Let f be q(0). Suppose 5*n - f = 3*n. Determine s(n).
10
Let j be (-12)/(-10) + (-3)/15. Suppose -n + 3 + j = 0. Suppose -5*k = -5*q - 2*k - 24, 0 = n*q + k + 26. Let d(t) = t - 3. Determine d(q).
-9
Let z(f) = -9*f**3 + 21*f**2 + 4*f + 6. Let a(b) = -4*b**3 + 10*b**2 + b + 3. Let q(i) = 7*a(i) - 3*z(i). Determine q(6).
9
Let l(a) be the first derivative of -1/2*a**2 - 7 + 0*a. Let k be (2/(-4))/(8/(-128)). What is l(k)?
-8
Let q(f) = f**2 + 2*f - 3. Let m(a) = -25*a**2 - 9*a + 12. Let o(w) = m(w) + 4*q(w). What is o(-1)?
-20
Suppose -8*a - 189 + 189 = 0. Let z(k) = k + 23. Determine z(a).
23
Let w(d) = 1 - d - 1 + 12 - 8. Give w(11).
-7
Let m(j) = -5 - 435*j + 15 + 437*j. What is m(-17)?
-24
Let o be (-6*26/39)/(4/6). Let t(v) = -3*v**2 - 17*v + 7. Calculate t(o).
1
Suppose -r + 0 = 6. Let m = r + 2. Let c be 4/(m/5)*-1. Let i(u) = u**2 - 2*u - 1. Determine i(c).
14
Let b be 36/(-20)*40/(-6). Let u be 7 - (b/(-4))/(-3). Let k(d) = -d**2 + 6*d - 4. Calculate k(u).
-4
Let f(x) = -1 - 3 - 3 - 3*x + 4*x. Let y be f(11). Let l be y/((-2 + -4)/3). Let v(h) = 4*h + 1. Determine v(l).
-7
Let b(z) = 7*z - 164. Let j be b(24). Let h(w) = -w + 5. Give h(j).
1
Let o(z) = -z**3 + 3*z - 4. Suppose v + 20 - 3 = 4*t, 3*t = -5*v + 30. Suppose 0 = -2*x - 2*g, -t*x - 3 - 9 = g. Give o(x).
14
Let i be (63/(-14))/(3/(-2)). Let x(z) = 989 + 3*z**3 + z**2 - 985 - 4*z**i + z. Calculate x(3).
-11
Suppose 5*v - 5 = 15. Let a(b) = -b**3 + 5*b**2 + 5. Determine a(v).
21
Let n(d) = d**3 + 6*d**2 - d - 4. Let y(l) be the first derivative of l**2/2 - l - 6. Let t be y(-5). Give n(t).
2
Let c(k) = -4*k**2 - 29*k - 1. Let a(h) = 5*h**2 + 39*h + 1. Let l(y) = -3*a(y) - 4*c(y). Determine l(3).
7
Let m(b) = 1 - b**2 + 2*b + 0*b + 2. Let c(o) = o**2 + 64*o + 1019. Let l be c(-33). Give m(l).
-21
Let d(j) = 2*j - 7. Let i = 21 + -19. Suppose i*f - 9 = -0*o - o, -4 = -f. Let n be -1 + 7 + 1 - o. Calculate d(n).
5
Let c(o) = o**3 - 5*o**2 + 4*o + 1. Let d be c(3). Let h = 2 - d. Let f(u) = -h + 2 + 139*u**2 - 138*u**2 + u. What is f(0)?
-5
Let o(h) = h**2 + 7*h - 27. Let l be o(4). Let f(q) = -q**2 + 17*q + 1. Calculate f(l).
1
Let r be (-1)/(-2)*56/14. Suppose 5*u + r = 4*u. Let c(j) = -3 + 0 + 2 + 0 + 6*j. What is c(u)?
-13
Let s = -103 + 104. Let v(z) be the second derivative of -z**8/3360 - z**4/3 - z. Let p(a) be the third derivative of v(a). Determine p(s).
-2
Let l(z) be the first derivative of z**4/4 - 2*z**3/3 - z**2 + 27. Determine l(2).
-4
Let x(m) = 0*m - 4*m + 6 - 5 + 27 + 0*m. Calculate x(7).
0
Let f(o) be the second derivative of o**5/10 + o**4/12 - o**3/3 + o**2/2 - o. Let r = -269 - -114. Let s = r - -156. What is f(s)?
2
Let s = 40 + -33. Let i(c) = -13*c**3 + 7*c**2 + 7*c + 10. Let t(w) = -4*w**3 + 2*w**2 + 2*w + 3. Let q(k) = s*t(k) - 2*i(k). Give q(1).
-1
Suppose 0 = -2*g - g. Let p(q) = 3*q**3 - 3*q**2 - 3*q - 29. Let x(t) = 22*t**3 - 22*t**2 - 22*t - 204. Let s(k) = -15*p(k) + 2*x(k). What is s(g)?
27
Let u(c) = c**2 + c + 1. Let v(i) = -3*i**2 - 7*i + 3. Let n(w) = 2*u(w) + v(w). Suppose -30*r = -28*r + 12. Let x be n(r). Let k(p) = 5*p - 1. Calculate k(x).
-6
Let n(y) be the second derivative of -y**4/12 + 7*y**3/6 + 5*y**2 + 10*y. Let m(z) = -2*z**2 + 15*z + 21. Let w(x) = -6*m(x) + 13*n(x). What is w(3)?
-2
Let g(u) = u**3 - u**2 + 1. Suppose -2*q + 5*o = 2*o + 13, o - 1 = 0. Let j(c) = -3*c - 15. Let m be j(q). Give g(m).
1
Let z = -23 + 29. Let u(m) = 1 - z*m - m**2 - 1 - 4. Give u(-6).
-4
Let f(w) = -5*w**2 - 7. Let h(b) = -b**2 - b - 1. Let r(u) = -f(u) + 4*h(u). Let g be (-18)/(-4) - (-3)/6. Give r(g).
8
Let r be (-1)/(15/7 - 2). Let x be r/(-1) - 1 - 2. Let c(f) = -f - 1. Let j(z) = -z**2 + 7*z + 9. Let o(i) = -4*c(i) - j(i). Calculate o(x).
-1
Let b = 13 + -10. Let g(y) = -5*y**3 - y + 2. Let h(v) = -11*v**3 - v + 3. Let u(a) = b*h(a) - 5*g(a). Let k = -95 - -96. What is u(k)?
-7
Let u(j) = j**2 + j - 4. Let y be u(2). Let v(n) = 6 - n + n**y + n - 3*n - 5*n. Let h be (1 - 16)*(-6)/18. What is v(h)?
-9
Let z be (42/35)/(2/(-10)). Let x(v) = 268*v**2 - 525*v**2 + 3 + 259*v**2 + 9*v. What is x(z)?
21
Let q(j) = -957 + j**2 + 483 + 12*j + 480. Give q(-12).
6
Let l(i) be the first derivative of i**3/3 + 11*i**2/2 + 9*i + 33. Calculate l(-10).
-1
Let k(d) = 0*d - 5*d - 3 - d**2 + 1. Suppose 4*a - 14 = 6. Suppose a*c - 28 = 12*c. Give k(c).
2
Let c(u) be the second derivative of 0 - 1/6*u**3 - 37*u + 2*u**2. Calculate c(-5).
9
Let x(n) = -58*n + 233. Let o be x(4). Let p(i) = -5*i**3 + i**2 - 3*i + 1. Give p(o).
-6
Let g be ((-18)/(-4) + -4)*2. Let u(j) = j**2 + j - 1. Let w(y) = -y**3 - 2*y**2 + 5. Let v(i) = g*w(i) + u(i). Determine v(0).
4
Let c(r) = 2*r + 19. Let s be c(-8). Let n(x) = 1 - 6*x + x**2 + 0*x**2 + s - 2. Determine n(6).
2
Let w(z) be the first derivative of 2*z**2 - 1. Suppose 18 = -5*c - a, -a + 9 = -4*c - 0*c. What is w(c)?
-12
Suppose -8*s = 463 + 441. Let z = s + 111. Let b(o) = o**3 + 2*o**2 + 4*o + 3. What is b(z)?
-5
Let o(w) = 8*w**3 - w**2 - w - 1. Let k(j) = -8*j**3 - j**2 + 1. Let s be k(1). Let p be 6/s - -5*3/(-60). Calculate o(p).
-9
Let q be ((-9)/6)/(3/4). Let w = 3 + q. Let i(x) = 5*x + 3. Let m(a) = -16*a - 17. Let l(b) = 11*i(b) + 2*m(b). Give l(w).
22
Suppose -14 = 3*h - 5*h. Let v(s) = -2*s + 7 - h*s + 4*s + 0*s - s**2. Calculate v(-6).
1
Let n(r) = -3*r**2 - 11*r - 6. Let g(o) = 2*o**2 + 6*o + 3. Let y(t) = 5*g(t) + 3*n(t). Calculate y(6).
15
Let o(r) = -r**3 - 13*r**2 + 14*r + 15. Let q be o(-14). Let m be 15/q*(-2 - -1). Let x(y) = 3*y**3 - y - 1. Give x(m).
-3
Let t be -12*(6/(-30) + 35/300). Let f(o) = -8*o**2 - 2*o + 3. What is f(t)?
-7
Let b(d) = -3*d**3 + 5*d**2 + 9. Let i(x) = 28 + 30 - x**3 - 57. Let z(y) = b(y) - 2*i(y). Calculate z(5).
7
Suppose -2*u = 4*k + 24, 3*u - 4*u = k + 6. Let m(c) = -14*c - 3. Let o(x) = 40*x + 9. Let p(q) = k*o(q) - 17*m(q). Calculate p(3).
-9
Let z(n) be the first derivative of -3*n**2/2 + 10*n - 35. Calculate z(9).
-17
Let q(g) = -g**2 + 8*g + 19. Let t = -754 + 765. Determine q(t).
-14
Let u = -2634 + 2640. Let x(n) = n**3 - 7*n**2 + 9*n - 15. Calculate x(u).
3
Let o(j) = -2*j**3 - 7*j - 6. Let z(f) = f**3 + f + 1. Let c(k) = -o(k) - 3*z(k). What is c(-2)?
3
Let a(d) be the second derivative of -d**4/12 + d**3 - 3*d**2/2 + 2*d + 2. Let p(h) = -4*h + 1. Let y be p(1). Let o(n) = -n - 1. Let q be o(y). What is a(q)?
5
Let v(h) = 155 - 150 + 4*h**3 - 5*h**3 - 2*h + 3*h**2 - 7*h**2 + 5*h. Suppose 20 - 4 = -4*p. Determine v(p).
-7
Suppose -13 - 8 = -3*q. Let y(t) = t**2 - 3*t. Let i(o) = o**2 - 3*o - 1. Let f(k) = q*i(k) - 6*y(k). What is f(5)?
3
Let d(l) be the third derivative of -l**4/12 + l**3/2 - 3*l**2. Suppose v - 3*v - 2*a = 18, -3*v + 5*a = -13. Let t be v/(-6) + 63/27. Determine d(t).
-3
Let p(z) = 14*z - 12. Let g(y) = -15*y + 10. Let w(a) = -4*g(a) - 3*p(a). Determine w(1).
14
Let w(r) be the second derivative of 1/2*r**2 + 0 + 1/5*r**5 - 1/6*r**3 - 20*r - 1/12*r**4. What is w(1)?
3
Suppose -2 - 13 = 2*t + 3*d, 3*t = 5*d + 6. Let o be (24/t)/(-1 + 3). Let g(u) = u**2 + 4*u + 1. Give g(o).
1
Let z(q) = 9*q - 6315*q**2 + 12624*q**2 - 6311*q**2 - 4. Give z(4).
0
Let p(y